ds digit of 7593461?
4
What is the hundred thousands digit of 241879?
2
What is the ten thousands digit of 359397?
5
What is the hundreds digit of 814007?
0
What is the hundred thousands digit of 654565?
6
What is the ten thousands digit of 309424?
0
What is the hundreds digit of 311686?
6
What is the hundred thousands digit of 496541?
4
What is the millions digit of 5527128?
5
What is the thousands digit of 439392?
9
What is the hundred thousands digit of 615937?
6
What is the hundreds digit of 30461?
4
What is the thousands digit of 11757947?
7
What is the thousands digit of 332512?
2
What is the tens digit of 270963?
6
What is the hundred thousands digit of 303089?
3
What is the hundred thousands digit of 375607?
3
What is the hundreds digit of 813864?
8
What is the tens digit of 14638968?
6
What is the hundred thousands digit of 1200246?
2
What is the units digit of 441183?
3
What is the ten thousands digit of 556319?
5
What is the units digit of 589526?
6
What is the ten thousands digit of 3263039?
6
What is the units digit of 876798?
8
What is the units digit of 675556?
6
What is the hundreds digit of 3213799?
7
What is the hundreds digit of 5481159?
1
What is the tens digit of 231116?
1
What is the units digit of 1373385?
5
What is the hundred thousands digit of 391787?
3
What is the thousands digit of 331347?
1
What is the hundreds digit of 1708151?
1
What is the hundred thousands digit of 6461816?
4
What is the thousands digit of 208430?
8
What is the hundreds digit of 115622?
6
What is the ten thousands digit of 2677957?
7
What is the ten thousands digit of 8673769?
7
What is the units digit of 20908259?
9
What is the tens digit of 455755?
5
What is the hundred thousands digit of 695136?
6
What is the ten thousands digit of 410701?
1
What is the ten millions digit of 10727784?
1
What is the hundreds digit of 2942782?
7
What is the hundreds digit of 709434?
4
What is the units digit of 15905293?
3
What is the hundred thousands digit of 31607858?
6
What is the hundreds digit of 330137?
1
What is the hundred thousands digit of 5647207?
6
What is the millions digit of 1134232?
1
What is the tens digit of 2412794?
9
What is the hundred thousands digit of 230336?
2
What is the hundred thousands digit of 314799?
3
What is the tens digit of 3060958?
5
What is the hundred thousands digit of 10851145?
8
What is the ten millions digit of 20782139?
2
What is the ten thousands digit of 643856?
4
What is the thousands digit of 5559441?
9
What is the tens digit of 198242?
4
What is the hundred thousands digit of 126982?
1
What is the tens digit of 39398?
9
What is the ten thousands digit of 11972211?
7
What is the millions digit of 9679715?
9
What is the thousands digit of 4496792?
6
What is the units digit of 3044773?
3
What is the units digit of 795850?
0
What is the units digit of 121121?
1
What is the ten thousands digit of 125001?
2
What is the units digit of 3107718?
8
What is the tens digit of 8622762?
6
What is the thousands digit of 9618436?
8
What is the units digit of 308113?
3
What is the millions digit of 1349050?
1
What is the tens digit of 121685?
8
What is the hundred thousands digit of 3311848?
3
What is the units digit of 4418302?
2
What is the hundred thousands digit of 4997506?
9
What is the units digit of 1826650?
0
What is the thousands digit of 41334?
1
What is the units digit of 145731?
1
What is the ten thousands digit of 1264878?
6
What is the hundreds digit of 149730?
7
What is the millions digit of 4896581?
4
What is the units digit of 697474?
4
What is the ten thousands digit of 5462292?
6
What is the units digit of 591075?
5
What is the tens digit of 2658430?
3
What is the hundreds digit of 1352572?
5
What is the hundred thousands digit of 1722605?
7
What is the hundreds digit of 233214?
2
What is the hundred thousands digit of 9273933?
2
What is the hundreds digit of 1451507?
5
What is the units digit of 247116?
6
What is the units digit of 1731940?
0
What is the ten thousands digit of 22190384?
9
What is the units digit of 1475163?
3
What is the millions digit of 1407712?
1
What is the units digit of 371168?
8
What is the hundred thousands digit of 2946877?
9
What is the thousands digit of 31255?
1
What is the millions digit of 14899358?
4
What is the tens digit of 697060?
6
What is the units digit of 137847?
7
What is the tens digit of 1003637?
3
What is the hundreds digit of 20852?
8
What is the ten thousands digit of 181788?
8
What is the thousands digit of 607554?
7
What is the thousands digit of 434621?
4
What is the hundred thousands digit of 941376?
9
What is the hundred thousands digit of 2718833?
7
What is the ten thousands digit of 25201905?
0
What is the ten thousands digit of 178281?
7
What is the units digit of 9051651?
1
What is the thousands digit of 203095?
3
What is the hundreds digit of 3629947?
9
What is the thousands digit of 11775156?
5
What is the ten thousands digit of 2051443?
5
What is the ten millions digit of 19173290?
1
What is the ten thousands digit of 535927?
3
What is the thousands digit of 63914?
3
What is the millions digit of 1748848?
1
What is the hundreds digit of 6117090?
0
What is the ten thousands digit of 816780?
1
What is the tens digit of 14371318?
1
What is the millions digit of 5092987?
5
What is the ten thousands digit of 2412014?
1
What is the thousands digit of 1735579?
5
What is the tens digit of 2505812?
1
What is the ten thousands digit of 28574660?
7
What is the hundreds digit of 606701?
7
What is the hundreds digit of 275041?
0
What is the units digit of 14659?
9
What is the tens digit of 124406?
0
What is the hundreds digit of 240119?
1
What is the hundreds digit of 1296222?
2
What is the ten millions digit of 11182832?
1
What is the hundreds digit of 13437?
4
What is the thousands digit of 2435059?
5
What is the units digit of 4250911?
1
What is the thousands digit of 2283708?
3
What is the tens digit of 4277036?
3
What is the thousands digit of 6105488?
5
What is the ten thousands digit of 1318244?
1
What is the hundred thousands digit of 4310351?
3
What is the hundreds digit of 12673069?
0
What is the millions digit of 22298149?
2
What is the hundreds digit of 440488?
4
What is the tens digit of 12957633?
3
What is the hundred thousands digit of 3476148?
4
What is the millions digit of 9099196?
9
What is the thousands digit of 130877?
0
What is the ten thousands digit of 76769?
7
What is the hundred thousands digit of 8790311?
7
What is the millions digit of 21390985?
1
What is the units digit of 9121996?
6
What is the units digit of 201510?
0
What is the units digit of 1184659?
9
What is the hundreds digit of 191436?
4
What is the units digit of 842845?
5
What is the hundred thousands digit of 916693?
9
What is the tens digit of 132335?
3
What is the thousands digit of 466594?
6
What is the hundreds digit of 1321458?
4
What is the thousands digit of 281335?
1
What is the thousands digit of 2939202?
9
What is the ten thousands digit of 441169?
4
What is the ten thousands digit of 784131?
8
What is the ten thousands digit of 336511?
3
What is the units digit of 137106?
6
What is the units digit of 170173?
3
What is the thousands digit of 90361?
0
What is the ten thousands digit of 10055527?
5
What is the thousands digit of 137872?
7
What is the millions digit of 2026703?
2
What is the tens digit of 21892184?
8
What is the millions digit of 7475027?
7
What is the thousands digit of 1069794?
9
What is the millions digit of 9993148?
9
What is the tens digit of 2280587?
8
What is the units digit of 15876277?
7
What is the units digit of 238359?
9
What is the tens digit of 8923297?
9
What is the millions digit of 7885939?
7
What is the tens digit of 6554178?
7
What is the hundreds digit of 52391?
3
What is the hundred thousands digit of 825914?
8
What is the units digit of 5913873?
3
What is the hundreds digit of 65139?
1
What is the hundreds digit of 13385234?
2
What is the units digit of 234275?
5
What is the ten millions digit of 12978383?
1
What is the thousands digit of 775982?
5
What is the tens digit of 370794?
9
What is the hundreds digit of 48711?
7
What is the hundred thousands digit of 7757043?
7
What is the ten thousands digit of 1703213?
0
What is t